nd 1392315?
3
What is the highest common factor of 137847 and 3?
3
Calculate the greatest common divisor of 4712594 and 393.
131
What is the highest common divisor of 10 and 5385?
5
What is the highest common factor of 1327194 and 198?
198
What is the greatest common factor of 128 and 313784?
8
Calculate the highest common factor of 50144 and 544.
32
Calculate the highest common divisor of 20904 and 1128.
24
Calculate the greatest common factor of 3392 and 4544.
64
What is the greatest common divisor of 380 and 53884?
76
Calculate the highest common factor of 119 and 61081.
17
Calculate the highest common divisor of 1597248 and 118.
118
Calculate the highest common divisor of 2851548 and 14.
14
What is the greatest common divisor of 112 and 139888?
112
What is the greatest common factor of 19296 and 14874?
402
Calculate the greatest common divisor of 783 and 32451.
87
What is the highest common divisor of 1125 and 13797?
9
Calculate the highest common divisor of 5688 and 316.
316
Calculate the highest common divisor of 506 and 50.
2
Calculate the highest common factor of 47272 and 684.
76
What is the highest common divisor of 15268 and 121?
11
What is the greatest common divisor of 205666 and 25248?
526
What is the greatest common divisor of 4 and 1024796?
4
Calculate the greatest common divisor of 176 and 3704.
8
What is the highest common divisor of 1078 and 143?
11
Calculate the greatest common factor of 3717 and 1003.
59
What is the greatest common divisor of 1203475 and 65?
65
Calculate the highest common divisor of 58 and 25.
1
Calculate the greatest common divisor of 119 and 20927.
17
Calculate the greatest common divisor of 1303 and 6529333.
1303
Calculate the greatest common factor of 826 and 9793.
7
What is the greatest common factor of 9108 and 171072?
396
What is the greatest common divisor of 15458 and 10502?
118
What is the greatest common divisor of 532 and 25697?
7
What is the greatest common divisor of 711550 and 107?
107
Calculate the greatest common divisor of 1140 and 6160.
20
What is the greatest common factor of 85 and 26090?
5
Calculate the highest common factor of 1950820 and 947.
947
Calculate the greatest common divisor of 110 and 18805.
5
What is the greatest common divisor of 1062605 and 1844?
461
What is the highest common divisor of 180 and 13840?
20
Calculate the greatest common factor of 198 and 12386.
22
Calculate the highest common factor of 11 and 141.
1
Calculate the greatest common divisor of 353 and 135199.
353
What is the highest common divisor of 132 and 85206?
66
Calculate the greatest common divisor of 176 and 135344.
176
Calculate the highest common divisor of 640 and 3240.
40
What is the greatest common divisor of 156 and 5018?
26
Calculate the highest common factor of 588 and 6410082.
294
Calculate the highest common factor of 4578477 and 591.
591
What is the greatest common divisor of 3075 and 1975?
25
Calculate the highest common factor of 84 and 1743.
21
Calculate the highest common factor of 111398 and 436.
218
What is the highest common divisor of 467688 and 456?
24
What is the highest common factor of 1187147 and 169?
13
What is the highest common factor of 151891 and 193?
193
Calculate the greatest common factor of 1944 and 68256.
216
Calculate the greatest common factor of 3924 and 2124.
36
Calculate the greatest common factor of 8601 and 309.
3
What is the highest common factor of 595485 and 1485?
1485
Calculate the greatest common divisor of 428 and 23326.
214
Calculate the highest common factor of 391 and 918.
17
Calculate the greatest common factor of 4577 and 38009.
199
Calculate the highest common factor of 14702 and 58.
2
What is the greatest common divisor of 24 and 7077?
3
Calculate the highest common divisor of 60 and 6852.
12
Calculate the greatest common factor of 3514752 and 36.
36
What is the greatest common divisor of 88 and 220264?
88
Calculate the greatest common factor of 1600 and 1752960.
320
Calculate the greatest common divisor of 1274 and 3328.
26
What is the highest common divisor of 2095 and 40?
5
Calculate the highest common factor of 772 and 5872604.
772
What is the highest common factor of 98202 and 702?
78
Calculate the highest common divisor of 3542 and 11891.
253
Calculate the greatest common factor of 29766 and 2214.
246
What is the greatest common divisor of 23 and 117323?
23
Calculate the highest common divisor of 1391 and 91.
13
Calculate the greatest common divisor of 451800 and 5700.
300
What is the greatest common divisor of 36 and 29943?
9
What is the highest common factor of 32283 and 459?
153
Calculate the greatest common factor of 604 and 48169.
151
What is the highest common divisor of 333 and 124785?
9
What is the highest common divisor of 105579 and 18?
9
Calculate the greatest common divisor of 372729 and 21.
21
What is the highest common divisor of 11 and 683?
1
What is the highest common divisor of 138 and 3840?
6
Calculate the greatest common divisor of 3240 and 74862.
18
Calculate the greatest common factor of 7119 and 5763.
339
What is the greatest common divisor of 2268 and 5166?
126
What is the greatest common factor of 363 and 202213?
11
Calculate the highest common divisor of 5675 and 397023.
227
Calculate the highest common divisor of 2295 and 10665.
135
Calculate the highest common factor of 2 and 3118.
2
What is the highest common divisor of 5172255 and 2365?
2365
What is the greatest common divisor of 129 and 4027423?
43
What is the greatest common factor of 58 and 62263?
29
What is the greatest common factor of 23 and 158861?
23
What is the greatest common factor of 1702 and 2967?
23
What is the highest common divisor of 12464 and 1148?
164
What is the highest common divisor of 736 and 684?
4
What is the highest common factor of 1378 and 3198?
26
What is the highest common factor of 914361 and 42?
21
Calculate the highest common divisor of 19 and 681701.
19
Calculate the highest common factor of 116813 and 796.
199
What is the greatest common factor of 6 and 74744?
2
Calculate the highest common factor of 1962 and 42728.
218
Calculate the greatest common factor of 1414485 and 86.
43
Calculate the greatest common divisor of 2957570 and 10.
10
Calculate the greatest common divisor of 73395 and 385.
35
Calculate the highest common divisor of 23165 and 9153.
113
Calculate the highest common factor of 2205 and 645.
15
Calculate the greatest common factor of 12 and 33324.
12
What is the greatest common factor of 137190 and 5?
5
Calculate the greatest common divisor of 28842 and 638.
22
What is the highest common factor of 51780 and 36?
12
Calculate the highest common factor of 234 and 1014.
78
What is the greatest common factor of 6 and 3678?
6
What is the greatest common factor of 22372429 and 41?
41
What is the greatest common factor of 8196 and 276?
12
Calculate the greatest common divisor of 11190488 and 68.
68
Calculate the greatest common factor of 88 and 33341.
11
Calculate the greatest common factor of 896 and 94108.
28
What is the greatest common factor of 11890 and 812?
58
What is the highest common divisor of 1463 and 133056?
77
What is the greatest common divisor of 21583 and 36481?
191
What is the highest common divisor of 6 and 10746?
6
Calculate the highest common factor of 1119 and 219.
3
What is the highest common divisor of 265216 and 13986?
518
Calculate the greatest common divisor of 494 and 338.
26
Calculate the greatest common divisor of 26009 and 43628.
839
What is the greatest common divisor of 14090 and 350?
10
Calculate the highest common divisor of 1728 and 448.
64
Calculate the highest common divisor of 66 and 22776.
6
Calculate the highest common divisor of 38285 and 390.
65
Calculate the highest common factor of 96 and 880584.
24
What is the greatest common divisor of 416 and 121160?
104
Calculate the highest common divisor of 102 and 66642.
6
What is the greatest common divisor of 1520 and 17233?
19
Calculate the highest common divisor of 31824 and 13130.
26
What is the highest common divisor of 18974 and 19610?
106
Calculate the greatest common divisor of 20864 and 160.
32
What is the greatest common divisor of 98 and 433454?
98
What is the greatest common divisor of 81955 and 2405?
185
What is the grea